actors of l.
67
Let b = -1 + 3. Suppose -4 = 3*c - 5*s + 7, -b*c = -4*s + 10. Suppose 36 = -0*l + c*l. List the prime factors of l.
2, 3
Suppose 2*k + 3156 = 14*k. List the prime factors of k.
263
Let h = -99 + 171. Suppose 385 = -67*f + h*f. List the prime factors of f.
7, 11
Let v = 2081 - 1377. What are the prime factors of v?
2, 11
Let l(n) = -n**3 + 5*n**2 - 5*n + 3. Let b be l(4). Let c be (3 + -4)*0 - b. Suppose 3 = o - c. What are the prime factors of o?
2
Suppose -3*h + w + 223 = 5, 2*w + 364 = 5*h. Let x = h + -65. What are the prime factors of x?
7
Let k(m) = 0*m**2 + m + 3*m**3 - 4*m**3 + 6*m**2 - 2 + 0. Let y be k(6). Suppose -66 = n - y*n. What are the prime factors of n?
2, 11
Suppose 0 = k - 0*k - 18. Suppose r + 9 = -k. Let o = r + 42. List the prime factors of o.
3, 5
Suppose 9 + 17 = 5*u - 2*s, -4*s - 16 = -u. Let b(v) = 9*v + 20. Let h be b(12). Suppose u*o = 8 + h. List the prime factors of o.
2, 17
Let s(d) be the second derivative of -17*d**5/20 + d**4/3 + d**3/6 - d**2 - 23*d. What are the prime factors of s(-2)?
2, 37
What are the prime factors of (-2)/11 - 86802/(-66)?
5, 263
Let i(y) = y**3 + y**2 + y + 1. Let m(u) = -u**3 - u - 6. Let g(k) = 2*i(k) + m(k). List the prime factors of g(2).
2, 7
Suppose 5*z - 2*k = -131, 3*k = 3*z + 8 + 67. Suppose w + 56 = -4*t, -2*t + 7*t + 4*w = -70. Let f = t - z. What are the prime factors of f?
13
Let t(d) = 3*d**2 - 6*d + 4. Let z(l) = 13*l**2 - 23*l + 15. Let c(k) = 9*t(k) - 2*z(k). Let b be c(7). List the prime factors of b/(3/(0 - 81)).
3
Let m(g) = -g + 34. Let v(n) = -n + 28. Suppose -2*h + 4*y + 49 = 3, 0 = -4*h - 2*y + 52. Let i be v(h). What are the prime factors of m(i)?
3, 7
Let v = 3492 - 2275. List the prime factors of v.
1217
Suppose 146*o - 178*o + 30336 = 0. What are the prime factors of o?
2, 3, 79
Suppose -8*n - 106 = 94. What are the prime factors of 330/n*60/(-8)?
3, 11
Let j = 38 - -300. What are the prime factors of j?
2, 13
Suppose 7*h - 8*h + 12 = 0. Suppose -11*n = -h*n + 20. List the prime factors of n.
2, 5
Let i(r) = -213 + 221 - r + 34*r. List the prime factors of i(6).
2, 103
Let w(m) = -9*m - 2. Let c be w(-3). Suppose -x + c = -103. Suppose -4*r - x = -3*n, -2*n = -5*r + 3*r - 84. What are the prime factors of n?
2, 5
Let x(n) = -7*n**2 + 0 + 3*n + n**3 + 4*n - 3. Let l be x(6). Suppose -i = -2*z - 2*i + 49, 3*i + l = 0. What are the prime factors of z?
5
Let k(l) = l**2 - 7*l - 5. Let u be k(8). Let n be -8*(u - (-28)/(-8)). Suppose -5*s + 4*m + 96 = 0, 12 + 20 = s - n*m. What are the prime factors of s?
2
Suppose 7*m - 27 = 3*m - 3*u, 5*m = -u + 20. Suppose -m*w - 2 = -4*w. Suppose -z = 4*n - 177, -3*z + 92 = w*n + z. List the prime factors of n.
2, 11
Let k(p) = 2*p**3 - 13*p**2 - 3*p - 242. List the prime factors of k(15).
2, 29, 61
Let j(d) = -2*d**2 - 91*d + 67. What are the prime factors of j(-46)?
3, 7
Let q(l) = l**3 - 4*l + 5. Suppose 2 = -4*n + 5*w + 25, 5*w = -5*n - 5. What are the prime factors of q(n)?
5
What are the prime factors of 2/(-1)*(2 + (-855)/6)?
281
Let i(a) = -3*a - 15. Let b be i(-12). List the prime factors of (-16)/3*b/(-4).
2, 7
Let n be (2 + -2)*1/3. Suppose -2*a - 4*s = 0, 5*s + 4 + 1 = n. Suppose 0 = -a*z - 5*y + 45, -75 = -4*z + 2*y + 3*y. List the prime factors of z.
2, 5
Suppose -29 = -3*b - m, 4*b - 5*b - 12 = -4*m. What are the prime factors of (0 - 3) + -2*(2 - b)?
3
Let j = -5134 + 8908. List the prime factors of j.
2, 3, 17, 37
Suppose -t + 685 = -183. What are the prime factors of t?
2, 7, 31
Suppose -12517 = -20*g + 14563. What are the prime factors of g?
2, 677
Let l = 439 - 84. List the prime factors of l.
5, 71
Let n be (36/3)/3 - 1. Suppose n = 6*z - 3. Let d(x) = 32*x + 2. List the prime factors of d(z).
2, 17
Let d = 29 - 35. Let u = d - 19. Let y = 33 + u. List the prime factors of y.
2
Let t = 57 - 47. Let y(w) = -w**2 + 13*w - 3. What are the prime factors of y(t)?
3
Let i = 51 - 36. Let b = 14 - i. Let t = 24 - b. What are the prime factors of t?
5
Let v(o) = -935*o - 64. List the prime factors of v(-1).
13, 67
Let q = 791 + 124. List the prime factors of q.
3, 5, 61
Let l(b) = b**2 + b - 15. Let w be l(-7). What are the prime factors of 6/w - (-485)/45?
11
Let f(g) = g**3 + g. Let n(u) = -4*u**3 - 8*u**2 - 5. Let q(b) = -5*f(b) - n(b). Suppose -7 = w - 2*w. What are the prime factors of q(w)?
19
Suppose 5*z = z - 632. Let y = -112 - z. What are the prime factors of y?
2, 23
Suppose -14*h + 15*h = 2644. Suppose 4*f + n = -18375 + h, -2*f + 5*n = 7871. What are the prime factors of ((-4)/(-6))/((-38)/f)?
3, 23
What are the prime factors of ((-440)/154)/((-3)/2583)?
2, 3, 5, 41
Suppose 4*o = 3*m - 10754, -5*o - 19777 = -4*m - 5439. List the prime factors of m.
2, 3, 199
Suppose 0 = i + 3*n - 3, 3*i + 2*n = -2*n + 14. List the prime factors of (((-42)/(-9))/7)/(i/1593).
3, 59
Suppose 4*w - 70 = -58. Suppose 4*k = y - w*y + 42, 4*k = 2*y + 54. List the prime factors of k.
2, 3
Let h(d) = -d**2 + 3*d + 5. Let v be h(3). Suppose -71 = -3*u - 3*j + 184, v*j - 20 = 0. List the prime factors of u.
3
Let w = -1514 + 2710. List the prime factors of w.
2, 13, 23
Let w = -100 - -388. What are the prime factors of w?
2, 3
Suppose 3989 = 3*o + 2*z, 3*o - 3997 = -z - 3*z. What are the prime factors of o?
1327
Suppose 3*a + 5*d - 6 = 1, 2*a - 3*d = 11. Suppose -a*o = -23 - 33. List the prime factors of 634/o - 40/140.
3, 5
Let s = -69 + 73. Suppose -4*i = 12, -s*x + 989 = 2*i - i. What are the prime factors of x?
2, 31
Let l(t) = -t**3 - 11*t**2 - 10*t. Let b be l(-10). List the prime factors of 14*(b + 21/6).
7
Suppose -2*v = 2*b - 3790, -43*v + 48*v - 9493 = 4*b. What are the prime factors of v?
7, 271
List the prime factors of (-15)/(-45)*1293*1.
431
Suppose -8 = -4*w + 3*w. Suppose 83 = f - w. What are the prime factors of f?
7, 13
Let n(f) = f**2 + 3*f + 2*f + 7 - 7*f**3 - f + 0*f. List the prime factors of n(-3).
193
Let s = 4535 + -1697. List the prime factors of s.
2, 3, 11, 43
Let u be -4*10/((-3)/3)*1. Suppose -2*t - 4*z + 0*z = -82, t - u = -3*z. List the prime factors of t.
43
Suppose -3*z = z - 20. Suppose -86 = 3*h + 2*u, -6*h + 5*h - z*u = 7. Let d = h + 62. List the prime factors of d.
2, 3, 5
Let d(r) = 14*r - 33. Let i(p) = p + 2. Let u(b) = -d(b) - 3*i(b). List the prime factors of u(-8).
163
Let v = -528 + 1293. List the prime factors of v.
3, 5, 17
Let b = 157 - 92. Let p = b + -25. What are the prime factors of p?
2, 5
Let s(o) = o**2 + 5*o + 1. Let x be (-95)/10*(-4)/2. Suppose 4*g + 5 = -x. What are the prime factors of s(g)?
7
Suppose 2*y + 19 = 3*y. Suppose -14 = -3*c + 1. Suppose w - y = -w - c*i, -w = -i - 13. What are the prime factors of w?
2, 3
Let u(x) be the second derivative of x**5/4 - x**4/6 + x**3/2 - 7*x**2/2 + 21*x. What are the prime factors of u(3)?
7, 17
Suppose -15*v + 1108 = -302. What are the prime factors of v?
2, 47
Let j = 66 + 31. List the prime factors of j.
97
Suppose n = -5*l + 1511, 0 = 4*l - 3*l - 2*n - 300. Let z = l + -167. What are the prime factors of z?
3, 5
Suppose -3*t - 2*l + 212 = -1153, -5*l - 472 = -t. Let i = -158 + t. What are the prime factors of i?
13, 23
What are the prime factors of (-5)/(-4) + 691830/360?
3, 641
List the prime factors of 1364 - (60/(-45))/((-2)/(-3)).
2, 683
Let v be ((-8)/(-5))/(4/(-20)). Suppose 0*f - 5*f = -4*r - 1208, 0 = 4*r + 5*f + 1208. What are the prime factors of (-8)/(-32) + r/v?
2, 19
Let o = 6 - 2. Suppose -3*v - 3*v - 324 = 0. List the prime factors of (-2)/(o/v) + 0.
3
Suppose -3*k = -4*q + 5, -3*k + q - 6*q + 40 = 0. Let x(i) = -2*i**2 - 10*i - 4 - 4*i**2 + k*i**2. What are the prime factors of x(-5)?
3, 7
Suppose -8*t + 30036 = 8900. List the prime factors of t.
2, 1321
Let n(f) = -125*f - 168. What are the prime factors of n(-36)?
2, 3, 19
Let o(q) = -q**3 - 9*q**2 - 10*q - 8. Let k be o(-8). Let z(h) = 2*h**2 - 11*h + 9. Let g be z(k). Suppose 3*t = g + 2. List the prime factors of t.
17
Let r(m) = 38*m + 116. List the prime factors of r(22).
2, 7, 17
Let y(c) = 2*c**3 - 2*c**2 + 7*c - 1. List the prime factors of y(4).
3, 41
Suppose 14*g + 1398 = 20*g. List the prime factors of g.
233
Let w = 508 - 232. List the prime factors of w.
2, 3, 23
Suppose -19 = -c - 0. Suppose -k + 42 = c. List the prime fac